{"id":21848,"date":"2019-05-21T10:39:34","date_gmt":"2019-05-21T10:39:34","guid":{"rendered":"https:\/\/bekapkapi.com\/?page_id=21848"},"modified":"2019-05-21T10:41:51","modified_gmt":"2019-05-21T10:41:51","slug":"ic-oda-kapisi-hizli-teslim-urunler","status":"publish","type":"page","link":"https:\/\/bekapkapi.com\/?page_id=21848","title":{"rendered":"\u0130\u00e7 Oda Kap\u0131s\u0131 H\u0131zl\u0131 Teslim \u00dcr\u00fcnler"},"content":{"rendered":"<p>[vc_row][vc_column width=&#8221;1\/2&#8243;][dfd_single_image hover_style=&#8221;dfd-image-shadow&#8221; box_shadow=&#8221;box_shadow_enable:enable|shadow_horizontal:0|shadow_vertical:15|shadow_blur:50|shadow_spread:0|box_shadow_color:rgba(0%2C0%2C0%2C0.23)&#8221; image=&#8221;21849&#8243; img_rounded=&#8221;11&#8243; enable_link=&#8221;yes&#8221;][\/vc_column][vc_column width=&#8221;1\/2&#8243;][dfd_single_image hover_style=&#8221;dfd-image-shadow&#8221; box_shadow=&#8221;box_shadow_enable:enable|shadow_horizontal:0|shadow_vertical:15|shadow_blur:50|shadow_spread:0|box_shadow_color:rgba(0%2C0%2C0%2C0.23)&#8221; image=&#8221;21851&#8243; img_rounded=&#8221;11&#8243; enable_link=&#8221;yes&#8221;][\/vc_column][\/vc_row][vc_row][vc_column][dfd_spacer screen_wide_spacer_size=&#8221;50&#8243; screen_normal_resolution=&#8221;1024&#8243; screen_tablet_resolution=&#8221;800&#8243; screen_mobile_resolution=&#8221;480&#8243; tutorials=&#8221;&#8221;][\/vc_column][\/vc_row][vc_row][vc_column width=&#8221;1\/2&#8243;][dfd_single_image hover_style=&#8221;dfd-image-shadow&#8221; box_shadow=&#8221;box_shadow_enable:enable|shadow_horizontal:0|shadow_vertical:15|shadow_blur:50|shadow_spread:0|box_shadow_color:rgba(0%2C0%2C0%2C0.23)&#8221; image=&#8221;21852&#8243; img_rounded=&#8221;11&#8243; enable_link=&#8221;yes&#8221;][\/vc_column][vc_column width=&#8221;1\/2&#8243;][dfd_single_image hover_style=&#8221;dfd-image-shadow&#8221; box_shadow=&#8221;box_shadow_enable:enable|shadow_horizontal:0|shadow_vertical:15|shadow_blur:50|shadow_spread:0|box_shadow_color:rgba(0%2C0%2C0%2C0.23)&#8221; image=&#8221;21853&#8243; img_rounded=&#8221;11&#8243; enable_link=&#8221;yes&#8221;][\/vc_column][\/vc_row]<\/p>\n","protected":false},"excerpt":{"rendered":"<p>[vc_row][vc_column width=&#8221;1\/2&#8243;][dfd_single_image hover_style=&#8221;dfd-image-shadow&#8221; box_shadow=&#8221;box_shadow_enable:enable|shadow_horizontal:0|shadow_vertical:15|shadow_blur:50|shadow_spread:0|box_shadow_color:rgba(0%2C0%2C0%2C0.23)&#8221; image=&#8221;21849&#8243; img_rounded=&#8221;11&#8243; enable_link=&#8221;yes&#8221;][\/vc_column][vc_column width=&#8221;1\/2&#8243;][dfd_single_image hover_style=&#8221;dfd-image-shadow&#8221; box_shadow=&#8221;box_shadow_enable:enable|shadow_horizontal:0|shadow_vertical:15|shadow_blur:50|shadow_spread:0|box_shadow_color:rgba(0%2C0%2C0%2C0.23)&#8221; image=&#8221;21851&#8243; img_rounded=&#8221;11&#8243; enable_link=&#8221;yes&#8221;][\/vc_column][\/vc_row][vc_row][vc_column][dfd_spacer screen_wide_spacer_size=&#8221;50&#8243; screen_normal_resolution=&#8221;1024&#8243; screen_tablet_resolution=&#8221;800&#8243; screen_mobile_resolution=&#8221;480&#8243; tutorials=&#8221;&#8221;][\/vc_column][\/vc_row][vc_row][vc_column width=&#8221;1\/2&#8243;][dfd_single_image hover_style=&#8221;dfd-image-shadow&#8221; box_shadow=&#8221;box_shadow_enable:enable|shadow_horizontal:0|shadow_vertical:15|shadow_blur:50|shadow_spread:0|box_shadow_color:rgba(0%2C0%2C0%2C0.23)&#8221; image=&#8221;21852&#8243; img_rounded=&#8221;11&#8243; enable_link=&#8221;yes&#8221;][\/vc_column][vc_column width=&#8221;1\/2&#8243;][dfd_single_image hover_style=&#8221;dfd-image-shadow&#8221; box_shadow=&#8221;box_shadow_enable:enable|shadow_horizontal:0|shadow_vertical:15|shadow_blur:50|shadow_spread:0|box_shadow_color:rgba(0%2C0%2C0%2C0.23)&#8221; image=&#8221;21853&#8243; img_rounded=&#8221;11&#8243; enable_link=&#8221;yes&#8221;][\/vc_column][\/vc_row]<\/p>\n","protected":false},"author":1,"featured_media":0,"parent":0,"menu_order":0,"comment_status":"closed","ping_status":"closed","template":"","meta":{"footnotes":""},"class_list":["post-21848","page","type-page","status-publish","hentry"],"_links":{"self":[{"href":"https:\/\/bekapkapi.com\/index.php?rest_route=\/wp\/v2\/pages\/21848","targetHints":{"allow":["GET"]}}],"collection":[{"href":"https:\/\/bekapkapi.com\/index.php?rest_route=\/wp\/v2\/pages"}],"about":[{"href":"https:\/\/bekapkapi.com\/index.php?rest_route=\/wp\/v2\/types\/page"}],"author":[{"embeddable":true,"href":"https:\/\/bekapkapi.com\/index.php?rest_route=\/wp\/v2\/users\/1"}],"replies":[{"embeddable":true,"href":"https:\/\/bekapkapi.com\/index.php?rest_route=%2Fwp%2Fv2%2Fcomments&post=21848"}],"version-history":[{"count":4,"href":"https:\/\/bekapkapi.com\/index.php?rest_route=\/wp\/v2\/pages\/21848\/revisions"}],"predecessor-version":[{"id":21856,"href":"https:\/\/bekapkapi.com\/index.php?rest_route=\/wp\/v2\/pages\/21848\/revisions\/21856"}],"wp:attachment":[{"href":"https:\/\/bekapkapi.com\/index.php?rest_route=%2Fwp%2Fv2%2Fmedia&parent=21848"}],"curies":[{"name":"wp","href":"https:\/\/api.w.org\/{rel}","templated":true}]}}